common factor of 156 and 37986?
78
What is the highest common factor of 33338 and 7426?
158
Calculate the greatest common factor of 1026 and 29943.
27
Calculate the highest common divisor of 295038 and 342.
18
What is the greatest common divisor of 12282 and 6831?
69
Calculate the highest common factor of 3703640 and 3710.
530
What is the greatest common divisor of 2958 and 15?
3
What is the highest common factor of 1392016 and 114?
38
Calculate the greatest common factor of 66 and 16412.
22
What is the greatest common divisor of 711 and 384493?
79
What is the highest common factor of 176 and 219208?
88
What is the highest common factor of 370 and 1210?
10
Calculate the highest common divisor of 22422 and 19392.
606
Calculate the greatest common divisor of 90 and 92439.
9
Calculate the highest common divisor of 210105 and 5355.
315
What is the highest common divisor of 240 and 16136?
8
Calculate the greatest common factor of 7140 and 15351.
357
What is the greatest common divisor of 787792 and 53?
53
Calculate the greatest common factor of 180 and 10305.
45
What is the highest common divisor of 80645 and 381?
127
Calculate the greatest common divisor of 61749 and 338476.
2287
Calculate the greatest common factor of 84 and 63084.
84
What is the highest common factor of 7075 and 51325?
25
Calculate the highest common factor of 785872 and 16.
16
Calculate the highest common factor of 7745072 and 16.
16
What is the greatest common factor of 1384 and 488?
8
What is the greatest common factor of 2574 and 42372?
198
What is the highest common divisor of 323748 and 34?
34
Calculate the highest common divisor of 3948 and 301.
7
What is the greatest common factor of 4267 and 61489?
17
What is the greatest common factor of 2288 and 6006?
286
What is the highest common divisor of 864 and 2241?
27
Calculate the highest common factor of 32465 and 1510.
755
What is the greatest common divisor of 173345 and 370?
185
Calculate the highest common divisor of 110839 and 1355.
271
Calculate the greatest common divisor of 368 and 1392.
16
Calculate the greatest common factor of 95720 and 120.
40
Calculate the highest common divisor of 5771 and 19430.
29
What is the greatest common factor of 51576 and 4032?
168
What is the greatest common divisor of 77 and 35893?
11
What is the greatest common divisor of 14 and 8957746?
14
Calculate the highest common divisor of 14 and 299789.
7
Calculate the greatest common divisor of 69632 and 704.
64
What is the highest common divisor of 21754 and 27714?
298
What is the greatest common divisor of 433015 and 110?
55
Calculate the greatest common divisor of 69011 and 5.
1
What is the highest common divisor of 169 and 13598?
13
What is the highest common factor of 379564 and 124?
124
What is the highest common factor of 203 and 19981?
29
What is the greatest common divisor of 29458 and 4004?
286
What is the highest common divisor of 10 and 87445?
5
What is the highest common divisor of 43533 and 117?
9
Calculate the greatest common factor of 54470 and 104.
26
Calculate the greatest common factor of 465 and 471.
3
Calculate the highest common divisor of 269160 and 30.
30
Calculate the highest common factor of 3190 and 5357.
11
Calculate the highest common divisor of 1103904 and 624.
48
Calculate the greatest common factor of 522 and 564021.
261
Calculate the highest common factor of 882 and 8964.
18
What is the highest common factor of 354853 and 73?
73
Calculate the greatest common divisor of 22392 and 216.
72
What is the highest common factor of 74472 and 24?
24
What is the highest common factor of 1072 and 160532?
268
What is the greatest common factor of 6627 and 5499?
141
Calculate the greatest common divisor of 30 and 15495.
15
Calculate the highest common factor of 138 and 731446.
46
Calculate the greatest common divisor of 50864 and 4046.
578
Calculate the highest common factor of 252 and 24164.
28
Calculate the highest common divisor of 895 and 4235.
5
What is the highest common divisor of 48 and 41697?
3
What is the highest common divisor of 278626 and 4?
2
Calculate the greatest common divisor of 807000 and 8.
8
What is the highest common factor of 3675 and 1029?
147
What is the highest common factor of 95 and 45353?
19
Calculate the highest common factor of 684 and 20463.
57
Calculate the greatest common divisor of 22518 and 16200.
162
What is the highest common factor of 20 and 379870?
10
Calculate the highest common factor of 55635 and 57.
3
What is the highest common factor of 3008 and 10368?
64
Calculate the greatest common divisor of 610 and 2920.
10
Calculate the highest common divisor of 1154 and 117131.
577
What is the highest common factor of 61 and 99125?
61
What is the greatest common factor of 171857 and 77?
7
What is the highest common divisor of 596 and 3451436?
596
Calculate the greatest common factor of 94018 and 58.
58
Calculate the highest common divisor of 576511 and 15860.
793
Calculate the greatest common factor of 25 and 7570.
5
Calculate the greatest common factor of 2456659 and 1294.
647
What is the greatest common divisor of 104 and 268736?
104
Calculate the highest common divisor of 153285 and 165.
165
What is the greatest common divisor of 6219 and 9?
9
What is the highest common factor of 2802 and 790631?
467
Calculate the highest common divisor of 1342 and 7656781.
671
Calculate the greatest common divisor of 29355 and 618.
309
Calculate the highest common divisor of 120 and 17736.
24
What is the highest common divisor of 69 and 64032?
69
Calculate the highest common factor of 69 and 151363.
23
Calculate the highest common divisor of 1210276 and 4873.
443
What is the highest common factor of 9259 and 13677?
47
Calculate the greatest common factor of 129 and 1539.
3
Calculate the greatest common divisor of 2030 and 4802.
14
What is the greatest common factor of 4129905 and 60?
15
What is the highest common factor of 5024 and 9280?
32
What is the highest common divisor of 155840 and 290?
10
What is the greatest common factor of 1862 and 1920653?
931
Calculate the highest common divisor of 449 and 11.
1
Calculate the highest common factor of 23884 and 20.
4
Calculate the greatest common divisor of 27000 and 5.
5
What is the greatest common factor of 4025002 and 166?
166
What is the greatest common divisor of 101800 and 925?
25
Calculate the highest common factor of 77953 and 137.
137
Calculate the highest common factor of 8257 and 10411.
359
What is the greatest common factor of 12 and 112786?
2
What is the greatest common factor of 585887 and 1135?
227
What is the highest common factor of 604 and 198867?
151
What is the highest common divisor of 4120 and 137917?
103
What is the greatest common divisor of 112703 and 86?
43
What is the highest common divisor of 602992 and 507?
169
Calculate the greatest common factor of 66 and 75471.
33
What is the greatest common divisor of 119 and 3111?
17
Calculate the greatest common divisor of 2279 and 20081.
43
What is the greatest common factor of 255560 and 380?
20
What is the highest common divisor of 42140 and 147?
49
What is the greatest common factor of 192 and 795936?
96
What is the highest common divisor of 28 and 18690?
14
What is the greatest common factor of 759 and 50985?
33
What is the greatest common factor of 455 and 28015?
65
Calculate the greatest common divisor of 168 and 24138.
6
What is the greatest common divisor of 24388 and 2352?
28
Calculate the greatest common divisor of 714042 and 378.
378
Calculate the highest common factor of 294 and 2478.
42
What is the highest common factor of 40 and 93380?
20
What is the highest common divisor of 202653 and 3827?
89
Calculate the greatest common divisor of 26 and 878.
2
Calculate the highest common factor of 252756 and 51.
51
What is the highest common factor of 53 and 4002931?
53
Calculate the highest common divisor of 738444 and 6372.
708
What is the highest common divisor of 30250 and 1936?
242
What is the greatest common factor of 8901 and 13158?
387
What is the highest common divisor of 2195 and 262961?
439
What is the greatest common divisor of 16317 and 45?
9
What is the greatest common factor of 60916 and 776?
388
What is the highest common factor of 1061911 and 2?
1
Calculate the 